, -c - 3*q = 3*c - 68. Let k = -4 + 9. Suppose -3*a + k*a - c = 0. What is the units digit of a?
7
Suppose -3*q = 3*c - 15, 25 = 2*c + 2*q - 5*q. Suppose -t = 4*t + 25. Let l = t + c. What is the units digit of l?
3
Suppose 22 = 5*o - w, -3*o - 3*w - w = -4. Let h(u) = -u**3 + 5*u**2 - 3*u - 4. Let x be h(o). Let a(f) = -f + 4. What is the units digit of a(x)?
4
Suppose 126 = m + 4*w, 585 = 5*m - 2*w + 7*w. What is the hundreds digit of m?
1
Let r(d) = d**3 - 4*d**2 - 4*d - 5. Let i be r(5). Suppose -2*p - 5*o + 36 = 0, 2*p = -i*p - 4*o + 32. What is the units digit of p?
8
Suppose 2*n - 5*n - 9 = 0. Let k be 14*-1*n/3. Let b = -9 + k. What is the units digit of b?
5
Suppose 0 = 4*o + 2*i - 52, 2*i + 33 = 3*o + 5*i. What is the tens digit of o?
1
Suppose 0 = -12*p + 443 + 2773. What is the units digit of p?
8
Suppose q = 5*q. Let d be q + 7 + -3 + 5. Suppose 4*s = -5*y + 42, -2*s + 6 = -d*y + 4*y. What is the units digit of s?
8
Let m(s) = 8*s**2 + 3*s - 2. What is the units digit of m(2)?
6
Let n = 16 - 1. What is the units digit of n?
5
Suppose 5*h = 19 + 6. What is the units digit of h?
5
Let n = 232 - 115. What is the units digit of n?
7
What is the tens digit of (260/30)/((-4)/(-6))?
1
Suppose 4*u - 16 = 0, u + 240 = 4*o + 2*u. What is the tens digit of o?
5
Let c(h) = h**3 + 5*h**2 + 3*h - 5. Let k be c(-4). Let y be (-2 + 0)*(k - 0). Suppose 0 + 4 = y*p. What is the units digit of p?
2
Suppose -20 = -6*x + 4*x + 3*n, -5*x + 2*n + 39 = 0. Suppose -52 = x*v - 3*v. What is the units digit of -3 + v*(0 + -1)?
0
Let j = 7 - 3. Suppose -j*m + 63 = z - 0, -m + 32 = -3*z. What is the tens digit of m?
1
Let l(m) = 2*m**2 - m + 1. Let w be l(1). Let g be (-1 + -9)*w/(-4). Suppose -g*p + 52 = -p. What is the tens digit of p?
1
Let i be 18*21*1/(-2). What is the tens digit of (-4)/22 - i/11?
1
Let w(s) be the first derivative of -7*s**4/2 - s**2/2 - 3. What is the tens digit of w(-1)?
1
Let t(c) = 103*c - 3. What is the tens digit of t(1)?
0
Let i = -2 - -6. Suppose 41 = i*v + 9. What is the units digit of v?
8
Let j(d) = -d + 1. Let x(h) = 5*h - 10. Let m(g) = 6*j(g) + x(g). Let v be m(-4). What is the units digit of (v - (-11 - -2)) + -1?
8
Suppose 0 = -4*q + 3*z - 0 - 3, 4 = 3*q + 4*z. Suppose 4*d - 20 + q = 0. What is the units digit of d?
5
Let i = 12 - -31. What is the units digit of i?
3
Suppose 3*x = -37 + 127. What is the units digit of x?
0
Let q(x) be the first derivative of -x**3/3 - 9*x**2/2 + 4*x + 2. What is the units digit of q(-9)?
4
Let s be 4/(-8) - 5/(-2). Suppose s*p = 11 - 1. What is the units digit of 0*1/(-3) + p?
5
Let g = 6 + -12. What is the units digit of (-5)/(2*1/g)?
5
Suppose 2*d + 5*h + 8 = 43, 84 = 4*d - 4*h. What is the tens digit of (-7)/(56/d + -3)?
3
Suppose -5*k = -4*k - 53. What is the tens digit of k?
5
Suppose p - 84 = -3*p. Suppose -2*w = -3*w - 1. What is the units digit of (p/1)/3 - w?
8
Let c(s) = -s + 17. Let k be -2*(5/(-2) + 1). Suppose -6 - k = -r. What is the units digit of c(r)?
8
Suppose -r - 3*v = -0*r + 9, -2*v - 2 = 2*r. Let l be -1 - 8 - (4 - 4). What is the units digit of l/6*(-2)/r?
1
Suppose -3*x = 0, 4*i + 3*x + 7 = 23. Let k(p) = -2*p + 8. Let u be k(-6). Suppose -i*w = -0*w - u. What is the units digit of w?
5
Let l = 0 + 3. Let o = 3 + l. Suppose -4*h + 43 = 5*f, 4*h - h - o = 5*f. What is the units digit of h?
7
Let k(g) = 11*g**2 - 22*g + 8. What is the units digit of k(7)?
3
Suppose 3 = j + 24. Let c = 61 + j. What is the units digit of c?
0
Let x be (1/(-4))/(2/8). Let n = 2 - x. What is the units digit of n?
3
Let c = -12 - -20. What is the units digit of c?
8
Let c(z) = -z**3 - 6*z**2 - 7*z + 2. Let s = 13 - 18. What is the tens digit of c(s)?
1
Let k(y) = -y**2 + 21*y - 2. What is the units digit of k(10)?
8
Let s = 126 + -108. What is the tens digit of s?
1
Let w(a) be the second derivative of a**4/12 + 3*a**3/2 + 9*a**2/2 - 4*a. Let o be w(-6). Let t = -2 - o. What is the units digit of t?
7
Let z be (8/(-6))/(6/(-9)). Let q(u) = -2 + 10*u + 6*u**z - 7*u**2 - u. What is the units digit of q(8)?
6
What is the units digit of (54/(-4) + -2)*(8 - 12)?
2
Let s(y) = -y**3 + 17*y**2 - 14*y - 10. What is the tens digit of s(16)?
2
Suppose 9 = 4*p - p. Suppose m - p*m + u + 95 = 0, -4*m + 4*u = -196. Suppose 3*s = k + m, k - 40 = -4*s - 3*k. What is the units digit of s?
4
Let g(z) = z - 3. Let y(r) = 4. Let i(j) = -3*g(j) - 4*y(j). What is the tens digit of i(-7)?
1
Let a(z) = 5*z**2 + 2*z - 3. Let l be a(4). Suppose -p + w + 15 = 0, 4*p + p = 3*w + l. What is the units digit of p?
0
Let u = -6 + -1. Let k = -4 - u. What is the units digit of k?
3
Let k(b) = b**3 - b**2 - 4*b + 8. Let q be k(4). Let z = -14 + q. What is the tens digit of z?
2
Let i(g) = -g + 14. What is the units digit of i(13)?
1
Let u be (-8)/12*-18 + 3. Suppose -u = -5*i + 95. What is the tens digit of i?
2
Suppose 22*m - 8*m = 1134. What is the units digit of m?
1
Let o = 50 - 24. What is the units digit of o?
6
Let n(w) = -w**2 + 4*w + 3. Let t be -1 - (-1)/((-2)/(-58)). Suppose 2*v - c - 16 = -v, -5*c = -2*v + t. What is the units digit of n(v)?
3
Suppose 5*s - 2*k - 747 = 0, 0 = s + 5*k + 62 - 206. What is the units digit of s?
9
Let y(c) = c**2 - 7*c. What is the tens digit of y(9)?
1
Let l be 2/(-1) + (-5)/(-1). Suppose 4*k = l*k + 3. What is the units digit of k?
3
Suppose 5*r + 4*t = -0*t - 18, 4*r + 5*t + 18 = 0. What is the units digit of r/(-4)*(-22)/(-1)?
1
Suppose -a + 2 = -2. Suppose -a*c + 20 = 3*b, -52 = -5*b - 5*c + 3*c. What is the tens digit of b?
1
What is the units digit of (-33)/(-77) - (-1842)/14?
2
Let q(i) = i**2 + i + 1. Let w be 7 - 5 - (1 - 2). Let f(g) = -g**3 + 3*g**2. Let b be f(w). What is the units digit of q(b)?
1
Suppose -5*x + 18 = 4*t, -2*x + 0 = 4*t - 12. What is the tens digit of ((-32)/10 + t)*-10?
1
What is the units digit of ((-1022)/(-21))/((-4)/(-12))?
6
Let o(x) = x**2 - 6*x + 2. Let t be (-348)/(-42) - 6/21. What is the tens digit of o(t)?
1
Let n = -3 - 5. Let h(r) = r**3 + 9*r**2 + 4*r - 10. What is the units digit of h(n)?
2
Let j be -1 + (-1 - 0) + 2. Let l = j - -12. What is the tens digit of l?
1
Suppose 0 = -3*w - 5*m + 34, 3*w + 3*m - 1 = 23. Let c(h) = w*h - h + h**2 - 4*h. What is the units digit of c(4)?
8
Let b(k) be the third derivative of k**6/120 - k**5/15 + k**4/24 + 5*k**3/6 + k**2. Suppose 2*r + j - 4 = 2, -4*j + 4 = 3*r. What is the units digit of b(r)?
9
Suppose b - 8 = -4*d + 5*b, -20 = 5*b. Let o be (0 - d/(-4))*4. What is the units digit of 9/(-1)*o/3?
6
Let t(v) = 8*v**2 + 3*v + 1. What is the tens digit of t(3)?
8
Let b(f) = -f**2 - 2*f + 3. Let n be b(-3). Suppose n = -p + 7 - 5. What is the units digit of p?
2
Let q(h) = -7*h - 8. Let z be q(-6). Let g = z + -5. What is the units digit of g?
9
Let f(g) be the first derivative of -g**4/4 - 2*g**3/3 - g**2 + 2*g + 1. What is the units digit of f(-2)?
6
What is the units digit of 2718/63 - 2/14?
3
Let x be 60/9*24/10. Suppose -2*z = -5*w + 5 + 3, w - x = -2*z. What is the units digit of z?
6
Let q be (26/3)/((-2)/(-6)). Suppose 7*i - 2*i + o = q, -2*o = 3*i - 17. Suppose -i*w + w + 12 = 0. What is the units digit of w?
3
Suppose -3*j - 2*j = -60. What is the tens digit of (1 - 2 - j)/(-1)?
1
Let k(b) = b + 3. Let z = -1 - 2. Let v be k(z). Suppose -4*j = -v*j - 24. What is the units digit of j?
6
Suppose -3*t + x + 15 + 14 = 0, -t + 3 = -2*x. What is the units digit of t?
1
What is the units digit of (1 + 8 - 51/17)*15?
0
Suppose 2*f - 10 = a, -2*f + 4*a + a + 2 = 0. Let j = 7 - f. Suppose t - 13 = -2*c, 3*c = 2*t + 2*c - j. What is the units digit of t?
3
Let p = 22 - 12. What is the units digit of p + 2 + -3 - -3?
2
Let x = 47 + -29. Let a = x - 5. What is the tens digit of a?
1
Let s(d) = 3*d**2 + 0*d**3 + d + d**3 - 2 - 2*d**3. Let r be s(3). What is the units digit of (60/(-18))/(r/(-3))?
0
Suppose -5*a = o - 62, -24 = 4*o - 3*a - 203. Let j = -22 + o. What is the units digit of j?
5
Suppose -b - 2 = 5*a - 159, -9 = -3*a. What is the units digit of b?
2
Let f(t) = 3*t + 1 - 1 + 18*t**2 - t. What is the units digit of f(-1)?
6
Suppose 1468 = 5*c - 2*b, 0 = 3*c - c - 5*b - 583. What is the units digit of c?
4
Suppose 31 = 3*t - 2*u - 2*u, 26 = 3*t + u. Suppose w - 2*a + t = 0, 8 = 3*w - 3*